?
2
-2 - (2 - 4) - 2
-2
0 + 4 + -5 - (-1 - 5)
5
What is the value of -10 - (-14 - (2 - 8))?
-2
What is 0 + 0 - (-1 + 6 - 7)?
2
4 - (-8 + (-1 - -3))
10
What is the value of -3 - (-5 + 6) - 1?
-5
10 + -8 - (-1 - -1)
2
Calculate -1 + 3 - (10 + -4).
-4
What is the value of -2 - 0 - ((8 - 6) + -1)?
-3
Evaluate 4 + -4 - 2 - 1.
-3
Calculate 3 + (4 + -3 + 5 - 13).
-4
Calculate -1 + 2 - (-4 + 4).
1
Evaluate 3 + -4 + -1 + 1 + 2.
1
What is -5 - (7 + -6 + 4 + -8)?
-2
26 + -33 + 2 + 0 - 4
-9
Evaluate (2 - 9) + 11 + 4 + -12.
-4
What is -5 + 0 + (3 - -2) + 4?
4
What is 7 + -11 + 0 + 3 + -2?
-3
-8 + (16 - (-5 - -13))
0
Calculate -1 + (-11 - (0 - 9)).
-3
Calculate 2 - 2 - (14 - 9).
-5
Evaluate -1 + -2 + (0 - -4).
1
Calculate (15 - -2) + -11 - -1.
7
(0 - -2) + (-11 - (-5 + -10))
6
-9 - (4 + (-5 - 5))
-3
(-17 - -17) + (-6 - -1)
-5
Calculate 3 + -8 - (-16 + 10).
1
-20 + 16 + (2 - 5 - -4)
-3
What is the value of 0 - (8 + (-6 - -2))?
-4
-15 - (-6 - (-4 - (6 - 10)))
-9
What is 1 - -5 - (-2 - (2 + -15))?
-5
-1 - (-5 - (-5 - -2))
1
What is the value of -5 + 15 - (10 - 7)?
7
(-3 - -2) + -5 - (12 + -14)
-4
What is (1 - 3) + -12 - -12?
-2
Evaluate (-8 - -2) + (6 - 0 - -2).
2
Calculate -7 - (-3 - (0 - (-4 + 4))).
-4
What is -2 + -4 + (10 - 8) + -4?
-8
Evaluate 0 + 3 + (1 - 8).
-4
-10 - (7 + (5 - 23))
1
What is the value of -1 + (-13 + (12 - 7) - -7)?
-2
What is (-8 - -3 - -10 - 8) + 5?
2
What is -1 + -5 + -2 + 3 + 13?
8
What is (-4 - -2) + -6 - (1 - 4)?
-5
1 + -6 + (1 - 4)
-8
8 - -1 - (-1 + 6)
4
What is -3 + -4 - (0 - 3 - 3)?
-1
Evaluate 1 - 2 - ((3 - 8) + 1).
3
(-1 + -6 - -4) + 5 + -3
-1
Calculate (2 - 4) + (0 - -4) + 3.
5
What is 2 - -1 - (12 + -5 - 4)?
0
What is the value of -8 - (10 - 23) - (2 - 1)?
4
-1 + (1 - (8 - (-2 + 6)))
-4
-6 + -10 + 8 + (-1 - -3)
-6
Calculate (-12 - 4) + 11 - (0 + -8).
3
4 - ((-8 - -21) + -9)
0
Calculate (2 - (5 - (3 - 0))) + 5.
5
Evaluate -1 + (13 - 12) - -1.
1
Calculate -7 + (-1 + 22 + -8 - 3).
3
What is (-2 - -2 - 1) + 10 + -9?
0
What is 10 - 8 - (-2 - (1 - 8))?
-3
What is the value of (7 + -12 - -7) + 7?
9
0 + 3 + -3 - (-10 + 6)
4
Calculate 35 - 41 - (-1 - 2).
-3
Calculate (4 - (0 + 2)) + -7.
-5
What is the value of 2 - -2 - (2 + -2)?
4
What is -1 - (-1 - (4 - 1) - -7)?
-4
-2 + (-1 - -10) - 0
7
Evaluate 3 + -5 + -7 + 10 + 3.
4
(19 - (17 + -13)) + -1 + -4
10
Evaluate -4 - (-3 - (7 - (4 + 1))).
1
Calculate -6 + 2 + (4 - 5) + 1.
-4
Evaluate (0 - 6) + 40 + -28.
6
Evaluate (9 - (3 + 3)) + -7.
-4
What is the value of -7 + (-6 - (-21 + 4))?
4
What is 10 + -7 + 5 + -6?
2
What is the value of (-2 - -3) + 0 + (-11 - -5)?
-5
Calculate 12 + (8 - 19) - 4.
-3
What is the value of 4 + 1 - (-5 + 15 - 6)?
1
Calculate -4 - (4 + (-3 - (8 + -6))).
-3
What is -2 + -8 + 5 + 9 + 3?
7
What is -5 + -10 + 20 + -6?
-1
-4 + -1 + (4 - (3 + 1))
-5
Evaluate -11 - -11 - (0 + -1).
1
Calculate -11 + 7 + 1 + 3.
0
What is the value of (9 - 1) + (2 - (-4 + 9))?
5
What is the value of 6 - (-6 - -15) - 0?
-3
What is -6 - (-1 - (-4 + 4))?
-5
Calculate 0 - 2 - (2 - (0 + 2)).
-2
What is -3 + 5 + 0 + 5 + -12?
-5
What is the value of 2 + (-5 - -5) + 5 + -14?
-7
-4 + -2 + 4 + 4
2
What is the value of (0 - 1) + -3 - (0 - 0)?
-4
Evaluate 0 - (-4 - (-1 - (1 + 3))).
-1
Evaluate 1 - (-8 - (-9 - -5)).
5
What is -12 + 19 + -10 - -13?
10
What is the value of 0 + (-3 - -3) + -3 + -2?
-5
Evaluate -2 + 3 - (11 + -12).
2
What is the value of 8 + -13 + 15 - (2 + -1)?
9
Calculate (6 - -4) + -9 + 2.
3
What is (-11 - -7) + (-3 - -2)?
-5
Calculate -1 + 1 + -2 + (-11 - -8).
-5
What is the value of 14 - (-3 + 15 + -4)?
6
What is 1 - (8 - (-2 - -6))?
-3
What is the value of 4 + -9 + 7 + -1?
1
Calculate -21 + 34 - (1 + 7).
5
What is -31 + 34 + (-1 - -3)?
5
What is the value of (-11 - -2 - -1) + 3 - -3?
-2
What is the value of 1 + -7 - (0 - 2)?
-4
(3 - (15 - 7)) + 2 + 10
7
What is 1 + 1 - (-3 + 3) - 1?
1
Evaluate (-4 - 0) + 43 + -33.
6
What is -3 - 0 - (20 - 25)?
2
-1 + (3 + -3 - 2) + -2
-5
Calculate (-1 - -5) + (3 - (-2 + 5)).
4
What is 11 - (-3 + 7) - 4?
3
Calculate (-8 - (9 - 2 - 2)) + 5.
-8
What is the value of 0 + -5 + 4 - (0 - -3)?
-4
7 + (2 - -4) + (-19 - -12)
6
What is the value of 4 + -4 + 1 + 8 - 4?
5
Evaluate (0 - (14 + -6)) + 4.
-4
What is the value of -1 + 2 + 1 + 43 + -40?
5
What is the value of 4 + -10 + (2 - 6 - -6)?
-4
What is -9 + (-23 - -11 - -19)?
-2
1 + 0 - (7 - (-3 + 11))
2
Evaluate (-7 - (-13 - -3)) + 6.
9
What is the value of 3 - (-5 - (-2 + -2))?
4
Evaluate (1 - (-3 - -1)) + -1 + -2.
0
What is -10 - -12 - (-5 - -8)?
-1
What is the value of -1 + (2 - -3) + -5 + -3?
-4
6 + 0 - (-9 + (-4 - -14))
5
Calculate -8 - -10 - (-4 - -2).
4
(1 - 3) + 12 + -10
0
0 + 6 + (-18 - (-30 + 20))
-2
Calculate 0 + -8 + 3 + 6.
1
2 + 1 - (4 - 1 - -1)
-1
Calculate 35 - 22 - (-1 - -9).
5
What is 4 + -6 + 1 + 6?
5
(3 - (4 - -4)) + 0 + 0
-5
Evaluate -13 + 0 + (-22 - -30).
-5
-2 - (1 - -2 - (13 + -12))
-4
What is the value of 4 + -1 + 3 - 2?
4
What is (1 - (-4 + 1)) + -4 + 7?
7
What is (-1 - -2) + -5 - (0 + -1)?
-3
What is (5 + -1 - 3) + -3?
-2
What is -3 - (-3 + (9 - 9))?
0
2 - (-3 - (-11 + 5) - 2)
1
What is -3 + (-5 - (3 + -6 + 2))?
-7
What is (2 - 1 - (-1 + 0)) + -1?
1
What is 2 + (6 - 8) + 3?
3
Calculate -2 + 1 + (12 - 11).
0
What is 5 - 4 - (-3 + 4)?
0
Evaluate 0 + (-1 - 3) + 5.
1
What is 5 + (-2 - 2 - 0) - 0?
1
Evaluate 8 + -4 + -5 - (4 - 1).
-4
(0 - 1 - 0) + 0 - 4
-5
-2 - (26 - 22 - (1 - -2))
-3
Calculate (10 - 18) + 5 + 6.
3
What is the value of -2 + (-3 - (-5 + 3)) + -1?
-4
What is the value of 0 + 3 + (-49 - -51)?
5
Evaluate -1 + 9 - (88 + -82).
2
What is the value of 9 - 11 - (-8 - -2)?
4
Evaluate 1 + (11 - 9) + (1 - 4).
0
Evaluate (17 - 9 - 3) + -11.
-6
Evaluate -147 - -141 - (-5 - -1 - 1).
-1
What is -4 + 3 + 4 + 2 + -8?
-3
Evaluate -15 + 17 - (2 + -1) - -2.
3
-6 - (-14 - -5 - -11)
-8
What is the value of -1 - (-7 - (-2 - (2 + -3)))?
5
Calculate 1 - (-1 + -6 - (2 - 2)).
8
What is the value of 1 + (-2 - 2) - -2?
-1
What is 2 - 1 - -3 - 6?
-2
Calculate 7 - ((0 - 9) + (2 - -13)).
1
-1 + 4 + 5 + -3
5
6 - (5 + -10 - -3) - 6
2
Calculate -1 + -7 + (3 - 0).
-5
-3 + (-4 - (-8 + (-5 - 1)))
7
What is the value of 2 + -1 + (-6 - -14)?
9
Calculate (3 + 4 - 2) + -2 + -3.
0
Evaluate 3 - (-3 + 5) - (-7 + 4).
4
Calculate (7 + -1 - (0 - 3)) + 0.
9
What is (-27 - -24) + (2 - -3)?
2
What is -14 + 5 + (2 - -3)?
-4
What is the value of -84 + 96 + (-5 - 1)?
6
Evaluate (-4 - -3) + (-3 - -5).
1
Calculate (-5 - -2) + -2 - -6.
1
What is the value of (10 - (-4 + 6)) + (-13 - -9)?
4
What is the value of 5 + (-7 - -4 - 2) - -4?
4
(-19 - 3 - -6) + 9
-7
(-23 - -19 - (-2 + -3)) + -1
0
-7 - (-26 + 9 - -7)
3
Calculate -3 + 5 + (-1 - 2).
-1
Calculate -2 + 6 + -4 + -3 + -1.
-4
What is -6 - -2 - (-7 + (2 - -1))?
0
Calculate 2 - -1 - (0 - (0 - 1)).
2
(-4 - (-5 + 4)) + 7 + -1
3
What is 0 + -4 + 6 + -1?
1
What is the value of -1 + -1 + 5 + -1 + -10?
-8
Calculate (-14 - -10) + 0 + 7 + 0.
3
Calculate -2 + (0 - 0) - -6.
4
Calculate -2 - (3 + (-9 - -3) + -1).
2
What is the value of 14 + (10 - 3) + -13?
8
What is -1 + 2 + 0 + -4?
-3
Evaluate 8 - (0 + 6 + (-14 - -12)).
4
What is 13 + 10 + -18 - -3?
8
Calculate (-4 - -4) + (1 - (-3 - -4)).
0
Calculate -9 + -6 + (-1 - -10).
-6
Calculate -9 - (-2 - (-5 - -11)).
-1
What is the value of 1 + -1 + -2 + 22 + -22?
-2
What is the value of -6 + 0 - (-13 - -17) - -1?
-9
-7 - -3 - -6 - 5
-3
-19 + 13 + -3 + 3
-6
What is 1 - (-3 - (-3 + -1)) - -6?
6
(3 - (8 + -2)) + 9 + -1
5
(0 - 1) + 8 + (0 - 5)
2
What is the value of 8 - 1 - (91 + -87)?
3
What is 6 - (6 - -2) - 4?
-6
2 - (3 - (6 - 3))
2
Evaluate -16 + (4 - -2 - -2) + -1.
-9
What is -8 - 0 - (1 + -4)?
-5
Evaluate (8 - 1) + -14 + 18 + -6.
5
Evaluate -12 + (13 + -7 - 4) + 4.
-6
2 - (-4 - -4 - -1 - -1)
0
What is the value of (4 - (1 + 5)) + 0 + 3?
1
What is 2 + 2 + -1 + 4 + -2?
5
What is (-3 - -1) + -10 + 11 - -1?
0
Calculate (-5 - -8) + (-1 - 2) + 2.
2
Calculate 4 - (-1 - -1) - (0 - -7).
-3
Calculate -15 - -9 - (-1 + 0).
-5
Calculate -4 + 6 + -3 - (-4 + 8).
-5
What is 2 + 7 + 12 + -17?
4
What is -5 - (-5 + 6 - 8)?
2
What is (20 + -5 - 4) + (0 - 4)?
7
What is the value of (5 - 4) + -5 - 1?
-5
2 + 0 - (21 - 18)
-1
What is the value of 9 - 11 - (-4 - (-1 - 1))?
0
Evaluate 0 + (0 - (1 - 3)).
2
What is the value of (3 + -1 - (-2 - -2)) + 0?
2
What is the valu